 h?
2
Suppose -80*y = -68*y - 5628. List the prime factors of y.
7, 67
Let v(t) = t - 10. Let f be v(15). Suppose 6 = f*l - 4*n, -8*l - 5*n + 13 = -4*l. List the prime factors of l.
2
Let l be (-12901)/35 - (-2)/(-5). Let j = l + 548. List the prime factors of j.
179
Let d(o) = o**2 - 4*o - 3. Let i(w) = 2*w**2 - 7 + 10*w - 3*w**2 - 3. Let q be i(8). What are the prime factors of d(q)?
3
Suppose 12*t - 105 = 9*t. What are the prime factors of t/3*3 - -2?
37
What are the prime factors of 1892/187 + 4/(-34)?
2, 5
Suppose -62*t + 153824 = -24*t. What are the prime factors of t?
2, 11, 23
Let q(o) = o**3 - 7*o**2 - 27 - 26*o - 7*o**2 - 22*o + 52*o. What are the prime factors of q(14)?
29
Suppose -4*y = -3*y - 3. Suppose 4*x - 26 = b, -b = -y*x + 4*b + 11. Let s(t) = -t**3 + 9*t**2 - 10*t + 3. List the prime factors of s(x).
31
Let y(h) = -h**2 - h + 14. Let a(b) = 5*b**3 + b**2 - b + 1. Let l be a(1). Let q be y(l). List the prime factors of 10/(-2)*q/10.
2, 7
Let x(k) = -k**3 + 4*k**2 - 8*k**2 + 13 + 19*k - 18*k**2 + 3*k**2. What are the prime factors of x(-20)?
3, 11
Let y be (-1572)/(-27) + (-8)/36. Let q = y + -15. List the prime factors of q.
43
Let i(c) = 36*c**2 + 4*c + 8. What are the prime factors of i(-3)?
2, 5
Let v(j) = -2*j**3 - 12*j**2 - j + 8. Let z be v(-6). Let h be (3 + 38/(-14))*z. Suppose -342 + 118 = -h*y. List the prime factors of y.
2, 7
Suppose 2*a + 2*a - 27 = j, 2*a - 2*j = 18. Let i = 9 - a. Let t = i - -1. What are the prime factors of t?
2
Let q(n) = n**3 - 10*n**2 - 11*n - 5. Let z be q(11). Let d(t) = -39*t - 19. List the prime factors of d(z).
2, 11
Let p(d) = d**3 - d**2 - 2. Suppose 0 = -3*v - 2*v. Let c be 3 - v/((-3)/(-3)). List the prime factors of p(c).
2
Suppose -2*f + h - 113 = -3*f, 0 = 3*f + h - 341. Let l = -47 + f. What are the prime factors of l?
67
Suppose 8*m - 10 = 6*m. Suppose 0 = -a + 3*b + 28 + m, -5*a + 2*b = -217. Suppose 157 - a = 4*z. List the prime factors of z.
2, 7
Suppose w - 5*v - 29 = -w, 0 = -3*v - 15. Suppose b - 5*b = 2*x - 96, 3*b = -w*x + 97. List the prime factors of x.
2, 5
Let r = 282 - -188. What are the prime factors of r?
2, 5, 47
Let w = 55 + -26. Suppose -89 = 3*o - w. List the prime factors of 15*2/o*-6.
3
Suppose d = v - 36, -32 + 80 = v - 4*d. What are the prime factors of v?
2
Suppose q - 26*j - 4524 = -27*j, -5*j - 9041 = -2*q. What are the prime factors of q?
4523
Let y(l) = -104*l + 3. Let j be y(1). Let u = j - -142. What are the prime factors of u?
41
Suppose -c - 4*c = 0. Let j = 2 - c. Suppose 0 = -4*p + 12, 208 = 5*g - j*p - 2*p. List the prime factors of g.
2, 11
Let r(k) = 154*k - 2. Let c be r(3). Let p be 6/10 - c/(-25). Suppose -2*y + p = -y. List the prime factors of y.
19
Suppose 0 = -14*c + 15*c - 157. Suppose c - 22 = 5*f. What are the prime factors of f*4/6 - -1?
19
Suppose 5*j = -1136 + 446. Let r = 208 + j. List the prime factors of r.
2, 5, 7
Let j be 1/(-3) - (-55)/3. Let o = j - 11. Suppose 0 = -2*t + 11 + o. What are the prime factors of t?
3
Suppose 0 = 18*k - 16*k + 2. Let z(o) = 171*o**2 + 5*o + 3. What are the prime factors of z(k)?
13
Suppose 32 = -9*f + 11*f. Suppose f = 5*s - 64. What are the prime factors of s?
2
Let v = 1001 + -202. What are the prime factors of v?
17, 47
Suppose 6*j - 10*j - 396 = 0. What are the prime factors of (j/(-2))/((-1)/2*-1)?
3, 11
Suppose -2*m + 5*i - 64 = 0, -2*m + 3*m + 58 = -4*i. Suppose 36 = -2*h + 3*p + 3, 0 = -2*h - 2*p - 8. Let g = h - m. List the prime factors of g.
3, 11
Let w(n) = 366 - 171 - 173 + 5*n - n**2. What are the prime factors of w(5)?
2, 11
Let a(h) be the first derivative of -h**4/4 + 7*h**3/3 - 3*h**2 + 3*h - 6. Let f be a(6). Suppose 0 = -f*m + 95 + 34. What are the prime factors of m?
43
Let f = -29 - -424. Suppose -5*q + 0*q = -f. List the prime factors of q.
79
Suppose 35 = -4*v - 37. List the prime factors of (392/(-12))/(2/v).
2, 3, 7
Suppose -4*t = -4*z - 0*t + 20, 0 = -5*z + 3*t + 29. Let f(d) = -d**3 + 8*d**2 + 15*d - 15. List the prime factors of f(z).
139
Let t = 223 + -218. List the prime factors of t.
5
Suppose -2*l - 19663 = -4*u - 5811, 0 = 2*u + 4*l - 6916. What are the prime factors of u?
2, 3, 577
Let c be ((-78)/9)/(7/21). Let u = c - -6. What are the prime factors of (1 - -4)*(-12)/u?
3
Let s(k) = -k + 1. Let b(w) be the first derivative of w**2 - 2*w + 11. Let c(p) = -2*b(p) + 2*s(p). List the prime factors of c(-5).
2, 3
Suppose 1753 = 5*t + 78. What are the prime factors of t?
5, 67
Let b(o) = 48*o - 36. List the prime factors of b(4).
2, 3, 13
Let w(q) = q**2 + 2*q - 6. Let n be w(-3). List the prime factors of -3 + -42*(n + 1).
3
Suppose -2*f = -7*f + 4*g + 3695, -4*f + 2*g = -2950. List the prime factors of f.
3, 5, 7
Let l(y) = -6*y - 76. List the prime factors of l(-14).
2
Let c(n) = 186*n - 742. What are the prime factors of c(22)?
2, 5, 67
Let z be 3 + (-144)/4 + 3. Let d = z + 57. List the prime factors of d.
3
Suppose -2*n = -5*n. Suppose n = 5*c - c - 20. Suppose c*s - 88 = s. List the prime factors of s.
2, 11
Suppose -73996 = 50*g - 195396. List the prime factors of g.
2, 607
Suppose 9*k = 3*k + 120. Suppose -23*j = -k*j. Suppose j = -5*d + x + 53, -3*d - 4*x + 42 - 1 = 0. List the prime factors of d.
11
Let r(v) = -12*v**2 - v + 2 + 23*v**2 + 5*v. Let u be r(-2). Suppose -10 = -2*g + 7*g, -j = -4*g - u. What are the prime factors of j?
2, 3, 5
Suppose 0 = 19*m - 21*m + 10. Suppose 2*g - 66 = -2*q, m*g - 5*q - 22 = 193. List the prime factors of g.
2, 19
Let a(q) be the third derivative of q**4/6 + 14*q**3/3 - 10*q**2. List the prime factors of a(21).
2, 7
Suppose 11*s - 4700 = 6*s. What are the prime factors of s?
2, 5, 47
Suppose 0*a = 4*a + 4*f - 180, 3*a - 5*f = 103. Suppose 3*y + 3*s - 153 = 0, -2*y + a = -3*s - 56. List the prime factors of y.
2, 5
Let l(a) = -29*a - 28. Let j(s) = 14*s + 14. Let f(u) = 13*j(u) + 6*l(u). List the prime factors of f(7).
2, 5, 7
Suppose 0*p + 18 = -p. Let r = p + 17. What are the prime factors of ((3 - 36) + 2)*r?
31
Let t(g) = -10*g - 6. Let z(x) = -x**2 + 6. Let u be z(-3). What are the prime factors of t(u)?
2, 3
Suppose 9 = 14*q - 11*q. Suppose -q*o + 6*o = 186. What are the prime factors of o?
2, 31
Let w be (1 - -49) + 0/(-1). Let l(x) = 8*x - 46. Let z be l(7). Let v = w - z. List the prime factors of v.
2, 5
Let y = 64 - 62. Suppose -y*f = -5*t + 526 - 101, 4*f = -2*t + 170. List the prime factors of t.
5, 17
Let h(j) = -74*j + 8. List the prime factors of h(-17).
2, 3, 211
Suppose 5*i + 10 = 0, -2*p + 303 = -5*i - 19. List the prime factors of p.
2, 3, 13
Let k = 15 - 13. Let s be k - (-1 + 4/4). Suppose 3*o + s*d + 23 - 70 = 0, 2*d - 64 = -4*o. List the prime factors of o.
17
Let w(f) = -f**2. Let q(h) = h**3 - 10*h**2 - 7*h - 8. Let k(u) = -q(u) + 5*w(u). Let i be k(6). Suppose -75 = -a - i. List the prime factors of a.
61
Let r = -1 + 6. Suppose 4*g = r*v + g + 4, 5*g = 3*v + 12. Let w(f) = 22*f - 1. What are the prime factors of w(v)?
3, 7
Let k(z) be the third derivative of z**4/24 - z**3/6 + z**2. Let p be k(0). What are the prime factors of -2 - (2 + (-12 - p))?
7
Let o(j) = 3*j - 1. Let d be o(2). Suppose -37*k + 20 = -32*k. Suppose d*a - r - 84 - 66 = 0, -20 = -k*r. List the prime factors of a.
31
Let o(i) = 25*i**2 - 5*i - 1. Let s be o(-2). Suppose 4*n = 0, 0 = -5*r - 5*n + s - 14. What are the prime factors of r?
19
Let b(i) be the first derivative of -i**4/4 + 2*i**3/3 + i**2/2 + 56*i - 7. Let k be b(0). Let j = -34 + k. List the prime factors of j.
2, 11
Let i be 188/(-12)*3 - 0. Let d(j) = -17*j - 7. Let v be d(-5). Let c = v + i. What are the prime factors of c?
31
Suppose 78 + 430 = 4*i. Let h = -1 + i. What are the prime factors of h?
2, 3, 7
Suppose 9*m - 150 = 12*m. Let i = m - -64. List the prime factors of i.
2, 7
Let y = -2313 + 3263. What are the prime factors of y?
2, 5, 19
Let c = 342 - 510. Let j be (-8)/(-6) - c/9. What are the prime factors of j/(-8)*(-32)/10?
2
Let t(u) = -7*u**3 - u**2 + 7*u + 21. What are the prime factors of t(-5)?
2, 11, 19
Let n(u) = 17*u**2 + 4*u - 6. Let w be ((-6)/5)/1*(-10)/(-3). List the prime factors of n(w).
2, 5
Suppose n - 6633 = 2*i, 2*i + 4174 = -n + 10811. What are the prime factors of n?
5, 1327
Let r be 4 - ((4 - 1) + -1). Let s(k) = -k**